 is the thousands digit of v?
1
Suppose 3*u - 152 = 19. Suppose 2*g - u = g. Suppose 345 - g = 8*z. What is the units digit of z?
6
Suppose 54504982 = 747*t + 7911396 + 4382857. What is the units digit of t?
7
Suppose -4*a = 5*i + a + 140, 2*a = -5*i - 128. Let g be (-200)/i + 4/6. Suppose 6*u + 12 = g*u. What is the units digit of u?
4
Suppose 0 = -3*p - 6, -12206 - 28038 = -3*k - 2*p. What is the ten thousands digit of k?
1
Suppose 2*b - 6 = 14. Suppose w - b = -5. Suppose w*u + 2*g + 2*g - 575 = 0, -3*g = -3*u + 345. What is the hundreds digit of u?
1
Suppose 0 = -11*v + 28 + 60. Let t(p) = 2*p**3 + 1. Let z be t(1). Suppose v*q - 315 = z*q. What is the units digit of q?
3
Suppose 3*h - 19 = t, -2*h - 7 - 3 = 5*t. Suppose -2*l + 6*l = -h*y + 2219, 1671 = 3*l - 3*y. What is the units digit of l?
6
Let h = -65 + 67. Suppose h*v - 280 - 26 = 0. Suppose 0 = 6*k - v - 51. What is the units digit of k?
4
Let v(n) = 14*n + 11*n + n - 11. What is the tens digit of v(9)?
2
Let q be (-1)/(2/(-3))*256/(-96). Let t(v) = v**2 + 6*v + 18. Let s be t(q). Suppose s*n - n = 2601. What is the units digit of n?
9
Let g(a) = 18*a**2 + 8*a + 24. Let p = 90 - 84. What is the hundreds digit of g(p)?
7
Let o(k) = 5396*k - 3438. What is the thousands digit of o(3)?
2
What is the ten thousands digit of 10268/(-7)*(387 + -394)?
1
Let o(r) = 31*r**2 + 12*r - 24. Let g be o(6). Suppose g = 5*k - k. Suppose 7*s = 283 + k. What is the units digit of s?
2
Suppose -4*u = -3*t - 2*u + 2471, 5*t + 4*u - 4155 = 0. Let m = t + -432. What is the units digit of m?
5
Let w(d) = 3*d**2 - 3*d - 7. Let r be (-6)/2*-1*17. Let i = -58 + r. What is the tens digit of w(i)?
6
Let m be (9*4)/(-1 - -3). Suppose -5 = -19*b + m*b. Suppose 2*v + 5*w = 7*v - 30, 0 = b*v - 4*w - 35. What is the tens digit of v?
1
Suppose 0 = m - 14 - 58. Let y = m - 69. Suppose -465 = -5*u + z, -3*u - 2*z - y*z + 251 = 0. What is the tens digit of u?
9
Let d be (-10)/15 + (-245)/15. Let x(s) = -s**3 - 17*s**2 + 4. Let m be x(d). Suppose 2*n + 518 = 3*p, -3*p + 9*n + 530 = m*n. What is the units digit of p?
0
Let d be 748/(-6) - 24/18. Let w = 224 + d. Suppose -w = -22*z + 21*z. What is the units digit of z?
8
Let k(f) = 19*f**2 - 44*f + 8. What is the tens digit of k(-20)?
8
Let i be 6/10 - (-48)/20. Suppose i*s + 14 = -5*c, -c - 11 = c + 3*s. What is the tens digit of ((-6)/2)/(c/18)?
5
Let w(x) = 4*x**2 + 12*x - 38. Let p(c) = 3*c**2 + 13*c - 37. Let k(i) = 3*p(i) - 2*w(i). Let q be k(-18). What is the hundreds digit of (q + -180)*(0 - 1)?
1
Let w(d) = d**2 + 12*d - 22. Let j(x) = x**3 - 5*x**2 + 4*x + 4. Let u be j(4). Suppose u*p + 114 = -2*p. What is the units digit of w(p)?
1
Let q(r) = r**3 - 4*r**2 - r + 6. Let m be q(4). Suppose 5*u + 48 + 117 = 5*z, m*u - 4*z = -56. Let k = u + 86. What is the tens digit of k?
4
Let o(c) = 5*c**2 - 87*c + 1367. What is the tens digit of o(37)?
9
Suppose -142*b + 140*b = -6. Suppose -4 = b*h + 2, -4*y + 302 = -5*h. What is the units digit of y?
3
Suppose t + 4*t - 20 = 0. Let b be 55/(0 + t/4). Let s = b + -45. What is the tens digit of s?
1
Let y = 349 + -86. Suppose y = 3*n - 271. What is the tens digit of n?
7
Let g(h) = -3*h - 29. Let w be g(-9). Let z be 2 + (-327)/2*w/(-3). Let a = z - -232. What is the units digit of a?
5
Let x(n) = -n**3 + 28*n**2 - 37*n + 102. What is the hundreds digit of x(21)?
4
Let i = 4753 - 1834. What is the hundreds digit of i?
9
Let s(r) be the second derivative of -1/2*r**2 - 12*r + 0 + r**3. What is the units digit of s(13)?
7
Let t(c) = 4*c**3 - 746*c - 5*c**2 + 8 + 743*c - 3*c**3. What is the tens digit of t(8)?
7
Let z be (-264)/(-121) + (-6)/33. Suppose 0 = -z*o - 3*y + 115, -2*y - 140 = -0*o - 3*o. What is the tens digit of o?
5
Let x be 0 + -1 - (3 + -8786 + 4). Suppose -228 + x = 5*i. Suppose 6*q + 9*q - i = 0. What is the tens digit of q?
1
What is the thousands digit of 300*(217/14 - -3)?
5
Suppose -10 = -f + 5*n, -2*f = -5*f + 2*n + 4. Suppose f = l + 2 + 4. What is the hundreds digit of (-3)/2 - -1 - 849/l?
1
Suppose 0 + 21 = 7*j. Let h be -2 - (-15*j + 0)/1. Suppose 20 + h = o. What is the tens digit of o?
6
Let w = -4714 + 8162. What is the units digit of w?
8
Suppose -5*h = 4*l + 4627, 3*h = l + 5*h + 1159. Let d = l - -2185. What is the tens digit of d?
3
Suppose -854 = 2*c + 4*n, -2*c + 3*n = 2*c + 1741. Let p = -281 - c. What is the units digit of (0 - 3) + p + -2?
7
Let p be 14/(-21)*1*(-2 - 1). Suppose 0 = -p*q - 3*q + 20. What is the tens digit of 0 - 3 - (-146 - q/(-4))?
4
Let g be ((-57)/15 + 1)/((-5)/1500). Suppose 3*s + 228 + 1872 = 5*w, -2*w + g = -2*s. What is the hundreds digit of w?
4
Let q(a) = 5*a - 30. Let z be q(6). Let d(f) = f**3 - f**2 - f - 61. Let k be d(z). Let o = -26 - k. What is the tens digit of o?
3
Let i = 77 - 250. Let s = i - -460. What is the tens digit of s?
8
Let q(l) be the third derivative of l**4/24 + 7*l**3/6 + 3*l**2. Let y be q(-3). Suppose -y*n + 0*n - a = -362, 0 = a - 2. What is the units digit of n?
0
Suppose s - 2052 - 1167 = -k, 3*k - 9657 = -4*s. Let h be (-70)/(-4)*60/50. Suppose 0 = h*o - k + 1119. What is the tens digit of o?
0
Let z(p) = -p**3 + 4*p**2 + 7*p + 1. Let c be z(5). Suppose -t + 76 = -74. Suppose t = c*r - 15. What is the tens digit of r?
1
Let w be 8 + (-20316)/(-48) - 3/(-4). Let o = w - 398. What is the tens digit of o?
3
Let f be (-60 + (2 - -2))/(-1). Suppose -t + 76836 = f*t. What is the hundreds digit of t?
3
Let z be (-2)/8*-4*-3. Let h be (-50)/z*(12/8 + 0). Suppose -156 + h = -a. What is the tens digit of a?
3
Suppose 150*a = 153*a - 9. Suppose 0 = -4*v + x + 719, -5*v + a*x + 1160 = 270. What is the tens digit of v?
8
Suppose -1231791 = -431*q + 2047688. What is the units digit of q?
9
Let d be (15/(-4))/(-2 - 63412/(-31712)). What is the tens digit of (15/((-75)/d))/(-2)?
9
Suppose 884*y = 879*y - 3975. Let w = -533 - y. What is the units digit of w?
2
Let j be (3 - 33/6)/((-2)/4). Suppose -4*u = -5*y + 18, -j*y - u = -0*u - 8. What is the units digit of (-71)/(-4) - (15/(-12) + y)?
7
Let n(g) = -g**3 - 21*g**2 - 23*g + 61. Let o be n(-13). What is the units digit of (0 + o/5)*(-46 + 41)?
2
Suppose 19*n - 22 = -269. What is the hundreds digit of 1/(-5) + ((-15743)/5)/n?
2
Let y(f) = -5*f**3 + f**2 - 3*f - 25. Let m(k) = -k**3 - k**2 - k - 1. Let i(c) = 6*m(c) - y(c). What is the units digit of i(-8)?
7
Let f be ((-52)/130)/((-2)/20). Suppose 5*i - 3*p - 247 = 0, -p = -5*i + f*p + 255. Suppose -41 = -8*a + i. What is the units digit of a?
1
Suppose 9*k - 2*t = 13*k - 2, -4*t - 18 = -3*k. Suppose 5*s = -2*g + 2164, k*g = -3*s + 243 + 1057. What is the hundreds digit of s?
4
Suppose -4 = -3*c + 5. Suppose -16 = -5*k - c*k. What is the tens digit of ((-168)/(-10))/(k/15)?
2
Suppose 16*z - 3*y = 17*z - 33069, 4*z + y = 132375. What is the tens digit of z?
9
Let j(o) = -o**3 + 7*o**2 + 6*o + 19. Let c = -32 + 40. Let t be j(c). Suppose 355 = 4*f + 3*z, -t*f + 5*z = -48 - 182. What is the tens digit of f?
8
Suppose 197*f = -6*f + 1982295. What is the tens digit of f?
6
Let f = 3534 + -1948. What is the thousands digit of f?
1
Let c = 428 - 209. Let t be 24/(-16)*(-8)/3. Suppose t*s = -c + 743. What is the hundreds digit of s?
1
Let o be 10/(3 + -2 + -3). Let q be (16/10)/(o/((-125)/10)). Suppose 9*z - q*z = -2*a + 742, -470 = -3*z + 5*a. What is the units digit of z?
0
Suppose -324 + 35 = -o. Let w = o + 149. What is the hundreds digit of w?
4
Let v = 18632 - -36206. What is the hundreds digit of v?
8
Let c be 2 + -5 + (8/2 - -2). Suppose -c*m - 14*m + 2635 = 0. What is the hundreds digit of m?
1
Let v = 93639 - 25494. What is the ten thousands digit of v?
6
Let k = -5042 + 9158. What is the hundreds digit of k?
1
What is the tens digit of 246*1 - -2 - 592/148?
4
Suppose -4*g - 24 + 0 = -3*c, 12 = -2*g - 5*c. What is the units digit of 9468/g*-1 - -5?
3
Suppose 3*j = -4*y + 5*j + 70, 3*j = 5*y - 85. Let w(q) = -q**3 + 24*q**2 - 41*q - 33. What is the units digit of w(y)?
7
Suppose 2*z - 9*i = -6*i + 23130, 5*i = -3*z + 34638. What is the thousands digit of z?
1
Let f(g) = -g**3 + 8*g**2 - 4*g - 16. Let q be f(7). Suppose 2*s + 4*x - 254 = x, q*s - 669 = x. What is the units digit of s?
3
Let p(g) be the second derivative of g**4/12 + 29*g**3/6 - 9